21).
-14
Let h(z) = -16*z**3 - 179*z**2 + 47*z + 421. What is h(-12)?
1729
Let p(a) = 8*a**2 + 1884*a - 116910. Determine p(51).
-18
Let w(z) = 68*z**2 - 291*z - 574. Determine w(-2).
280
Let m(i) = 17261*i - 172637. Determine m(10).
-27
Let o(v) = 53*v - 2011. Give o(45).
374
Let y(x) = x**3 + 19*x**2 - 8649*x - 147598. Give y(-17).
13
Let t(x) = -804*x**3 - 9*x**2 + 3*x. Calculate t(1).
-810
Let y(z) = 272*z + 2209. Calculate y(-8).
33
Let j(i) = 37*i**2 - 5233*i + 2273. Calculate j(141).
17
Let o(j) = 2951*j - 11794. Give o(4).
10
Let b(g) = 5633*g + 490066. Determine b(-87).
-5
Let u(s) = -735425*s + 5883406. Give u(8).
6
Let o(p) = p**3 + 62*p**2 - 10747*p - 666311. Determine o(-62).
3
Let s(d) = 3*d**2 - 741*d + 21151. Calculate s(33).
-35
Let h(s) = -s**2 + 21651*s - 238029. Give h(11).
11
Let j(x) = -x**3 - 13*x**2 - 54*x - 61. What is j(-11)?
291
Let v(s) = 2*s**2 + 40997*s - 41000. Determine v(1).
-1
Let u(a) = -a**3 + 136*a**2 - 1472*a - 1969. Calculate u(124).
15
Let y(j) = j**3 + 10*j**2 - 313*j - 279. Determine y(-23).
43
Let t(u) = -u**3 - 459*u**2 + 3485*u - 117222. Determine t(-467).
-5
Let p(b) = 374*b - 136885. Determine p(366).
-1
Let p(q) = 151253*q + 4. Determine p(0).
4
Let a(h) = 584*h + 18602. Determine a(-28).
2250
Let f(g) = 9*g**3 + 119*g**2 + 34*g + 487. Give f(-13).
383
Let d(u) = 656*u**2 - 60313*u - 3603. What is d(92)?
-15
Let l(i) = -132*i + 2599. Give l(19).
91
Let w(h) = -114*h - 1737. Determine w(-16).
87
Let u(s) = s**2 - 2136*s + 89875. Give u(43).
-124
Let a(l) = -469*l - 11556. What is a(-25)?
169
Let k(q) = 1941*q + 79622. Determine k(-41).
41
Let q(a) = -a**3 - 4*a**2 + 5*a + 65. Calculate q(0).
65
Let b(k) = -2617*k - 15232. What is b(-6)?
470
Let o(p) = 105133*p - 4731002. What is o(45)?
-17
Let x(h) = 38*h**2 + 4923*h + 2738. Calculate x(-129).
29
Let h(c) = -19*c**2 + 154*c + 46. What is h(8)?
62
Let h(t) = -t**3 + 127*t**2 + 10*t + 15178. What is h(128)?
74
Let k(p) = -34242*p - 1198466. Calculate k(-35).
4
Let p(d) = 8*d**2 + 226141*d - 226141. Calculate p(1).
8
Let u(s) = -13005*s + 598251. Determine u(46).
21
Let j(u) = 352*u - 46421. Determine j(133).
395
Let p(a) = -1682*a + 25143. Calculate p(15).
-87
Let k(y) = 55*y**2 + 167*y - 35. Give k(-4).
177
Let o(c) = 2*c**2 - 867*c - 6327. What is o(-7)?
-160
Let v(q) = 57629*q + 518705. Calculate v(-9).
44
Let l(i) = 210*i - 13133. Give l(60).
-533
Let y(x) = -231*x**2 - 23065*x + 3499. Give y(-100).
-1
Let f(j) = -11212*j - 1289383. Determine f(-115).
-3
Let b(t) = 859*t - 44653. Give b(52).
15
Let h(p) = -2*p**3 + 71*p**2 + 409*p + 45. Calculate h(-5).
25
Let o(l) = -4*l**3 + 13*l**2 + 2388*l - 7214. What is o(3)?
-41
Let h(b) = -b**3 + 15*b**2 + 1529*b - 13839. Give h(9).
408
Let v(d) = d**3 - 79*d**2 + 839*d + 858. Give v(67).
3203
Let n(f) = 309*f - 7937. Determine n(21).
-1448
Let o(l) = -145*l - 6465. Calculate o(-42).
-375
Let f(c) = 4*c**3 + 2086*c**2 + 994*c - 25029. Determine f(-521).
-21
Let g(n) = -266*n**2 + 4998*n + 1067. Determine g(19).
3
Let d(w) = -54494*w + 817427. Determine d(15).
17
Let h(s) = 3*s**3 - 5*s**2 - 133*s - 139. What is h(-9)?
-1534
Let m(z) = 11*z**3 - 227*z + 930. What is m(4)?
726
Let f(k) = k**3 + 103*k**2 + 2462*k - 331. What is f(-38)?
-27
Let p(b) = -91692*b + 550170. Give p(6).
18
Let f(y) = y**3 - 53*y**2 - 624*y - 385. What is f(63)?
-7
Let h(j) = 14*j**2 + 3598*j - 85907. What is h(22)?
25
Let c(f) = -2*f**2 - 8*f + 3412. Give c(40).
-108
Let x(q) = -q**3 + 168*q**2 - 306*q - 4245. Give x(166).
71
Let y(z) = 225*z - 3027. Calculate y(-3).
-3702
Let y(h) = -11193*h - 235699. Give y(-21).
-646
Let w(a) = 83*a**2 - 282*a + 100. What is w(4)?
300
Let i(a) = -a**3 - 17*a**2 + 6*a + 46. What is i(-18)?
262
Let c(v) = 5*v**2 + 12534*v + 112405. What is c(-9)?
4
Let l(d) = -624*d - 60277. Give l(-87).
-5989
Let o(c) = 7*c**2 + 496*c - 150. Determine o(-73).
945
Let a(u) = u**3 + 242*u**2 + 14184*u - 1595. Determine a(-100).
5
Let y(k) = -2*k**3 - 1410*k**2 - 165700*k - 1790. What is y(-149)?
-2
Let i(p) = 56385*p - 620238. Calculate i(11).
-3
Let a(t) = 34448*t - 861205. Determine a(25).
-5
Let l(y) = 875*y**2 + 12247*y - 44. Determine l(-14).
-2
Let w(a) = a**3 - 98*a**2 - 189*a + 36644. Determine w(96).
68
Let i(o) = 2002*o + 1463456. Give i(-731).
-6
Let o(q) = 14*q**2 - 5811*q - 11255. What is o(417)?
4
Let k(r) = -15*r**2 + 480*r - 2039. Give k(5).
-14
Let o(r) = 2814*r + 22497. Give o(-8).
-15
Let g(n) = n**3 - 223*n**2 + 822*n - 35654. Give g(220).
-14
Let w(a) = -6*a**2 - a + 9642. Give w(40).
2
Let v(t) = 6*t**2 - 6504*t - 13036. Determine v(-2).
-4
Let z(v) = 13*v**2 + 412*v + 15. Give z(-35).
1520
Let t(n) = -3*n**2 - 361*n + 25321. What is t(-170)?
-9
Let g(f) = 140*f + 2395. Give g(-8).
1275
Let m(v) = -7*v**3 - 1514*v**2 - 353*v + 17093. Give m(-216).
29
Let m(i) = -3402*i - 78225. Determine m(-23).
21
Let n(i) = 1247*i + 6931. Calculate n(-5).
696
Let w(o) = -7462*o - 29629. Calculate w(-4).
219
Let r(p) = 283*p - 30086. What is r(103)?
-937
Let i(q) = -2*q**2 - 130*q - 1951. Give i(-19).
-203
Let o(n) = -n**3 + 48*n**2 + 325*n - 396. Give o(54).
-342
Let w(u) = 3*u**2 - 85*u - 6130. Calculate w(-36).
818
Let b(p) = -7*p**2 + 19*p + 3150. Determine b(-20).
-30
Let k(h) = -h**2 + 82*h - 404. Give k(7).
121
Let i(p) = -3264*p + 46315. What is i(14)?
619
Let s(r) = -237*r**2 - 16831*r - 266. Determine s(-71).
18
Let v(a) = 2*a**3 + 207*a**2 - 90*a + 1304. Give v(-104).
-152
Let m(p) = 3*p**2 - 1303*p + 12923. Calculate m(10).
193
Let r(m) = 2*m**3 - 35*m**2 - 3381*m - 1560. Give r(-33).
24
Let m(u) = 1992*u - 6670. Determine m(3).
-694
Let s(j) = 3182*j - 9570. What is s(3)?
-24
Let s(f) = -19193*f + 249511. What is s(13)?
2
Let q(n) = 25*n**3 + 282*n**2 + 112*n + 369. Give q(-11).
-16
Let o(b) = 2*b**3 - 267*b**2 + 2143*b - 2241. Determine o(125).
9
Let k(y) = -y**2 - 3352*y + 53885. What is k(16)?
-3
Let p(h) = h**2 + 93403*h - 560459. Determine p(6).
-5
Let f(w) = w**2 - 1977*w + 133509. Determine f(70).
19
Let p(j) = 39379*j - 78700. Determine p(2).
58
Let s(m) = -5*m**3 + 17*m**2 - 14*m + 9. Give s(3).
-15
Let c(s) = 2176*s + 32730. What is c(-15)?
90
Let l(k) = -3*k**3 + 238*k**2 - 3468*k + 6915. Determine l(61).
22
Let m(c) = -35*c**2 + 129*c + 1255. What is m(-8)?
-2017
Let u(j) = -4*j**3 - 5*j**2 + 122*j + 397. Give u(-3).
94
Let d(r) = -941*r + 18771. Determine d(20).
-49
Let h(t) = -4*t**3 - 492*t**2 - 7*t - 941. Determine h(-123).
-80
Let m(g) = -158*g + 1822. Determine m(8).
558
Let t(m) = -m**3 - 7476*m**2 + 59871*m + 20. Calculate t(8).
12
Let d(o) = 3944*o + 5945. Calculate d(-1).
2001
Let x(l) = -l**2 - 258*l - 8785. What is x(-41)?
112
Let q(u) = -2*u**2 + 935*u - 16309. What is q(18)?
-127
Let x(y) = -2*y**2 - 6*y + 269. Calculate x(-15).
-91
Let p(d) = 9*d**3 + 1114*d**2 - 255*d - 259. Calculate p(-124).
609
Let r(l) = -434*l - 530. Give r(-4).
1206
Let n(t) = 17*t**2 - 323*t + 317. What is n(18)?
11
Let u(n) = -17*n**3 - 16*n**2 + 57*n - 6. Determine u(3).
-438
Let d(g) = 2*g**2 - 2899*g + 14445. What is d(5)?
0
Let v(m) = -413*m + 36151. What is v(86)?
633
Let v(w) = 1359*w**2 - 8149*w + 49. Give v(6).
79
Let y(j) = -j**3 - 6*j**2 + 234*j + 120. What is y(-19)?
367
Let u(k) = -8910*k + 588101. Give u(66).
41
Let p(o) = -o**3 - 9*o**2 - 1216*o - 16501. Determine p(-13).
-17
Let l(q) = 239*q - 6856. Determine l(29).
75
Let n(r) = r**2 + 46*r - 3822. Determine n(-83).
-751
Let i(y) = -12*y**2 + 72*y + 410. Determine i(-3).
86
Let p(q) = -108*q + 16449. Calculate p(152).
33
Let k(w) = -3*w**2 - 503*w - 4808. What is k(-162)?
-2054
Let j(c) = -24861*c - 25063. Determine j(-1).
-202
Let k(v) = 132531*v - 132531. What is k(1)?
0
Let w(t) = -4*t**2 - 1194*t - 66741. Determine w(-224).
11
Let u(r) = -239*r**2 - 5*r + 11. Calculate u(0).
11
Let c(u) = -18*u**2 - 541*u + 475. Determine c(-31).
-52
Let w(d) = -725*d + 3928. Give w(5).
303
Let y(d) = -251*d - 35328. Calculate y(-141).
63
Let z(j) = -j**3 + 169*j**2 - 896*j - 493. What is z(6)?
-1
Let f(b) = 44424*b - 10395214. What is f(234)?
2
Let m(v) = 8*v**3 + 1680*v**2 + 8202*v + 431. Determine m(-205).
21
Let d(k) = k**3 + 30*k**2 + 65*k - 85. Calculate d(-26).
929
Let p(i) = 3*i**2 + 12572*i - 75450. Give p(6).
90
Let z(k) = -6